((-5 - 0) + 12)?
6
What is -23 + 6 + 0 + 5 - -4?
-8
What is 2 + -4 - ((2 - 5) + -5)?
6
Calculate (-5 - (3 + -3 - 5)) + 1.
1
Calculate (4 - 4 - 2) + 7 - 1.
4
Calculate -9 + 2 + 2 + 0.
-5
12 - (5 + (5 + -6 - 1))
9
-3 + 7 - (0 + -1 + 4)
1
What is -1 - (9 + -3 - 11)?
4
What is 8 + (-2 - 0) + -5?
1
-2 + (-5 - (-4 - 2) - -4)
3
Evaluate 9 + -6 + 1 + 1.
5
Evaluate -8 - (-6 + -2 + (-2 - -5)).
-3
Evaluate -1 - 0 - (-3 - -4 - 0).
-2
Calculate -5 + 2 + (-14 - -12).
-5
Evaluate (1 - 0) + (-8 - -4 - -1).
-2
Calculate 1 - (-3 + (1 - 2)).
5
What is 2 - (6 - 15 - -11)?
0
Calculate 1 + 2 - (-4 + (14 - 5)).
-2
5 + 1 + -6 + (-6 - -7)
1
What is the value of 10 + -1 + -5 - 5?
-1
What is the value of 3 + 2 + -5 - 1?
-1
What is -2 + 4 - (2 + -4 - 0)?
4
What is -6 - (0 + -1 + (15 - 16))?
-4
Evaluate 8 - (-3 + 4 + (-3 - -5)).
5
-8 - (-18 + 1 - -8)
1
Evaluate (4 - -5) + 1 + -10.
0
-2 + 0 + -7 + -5 + 14
0
What is (10 - -12) + -18 + (-3 - 1)?
0
Evaluate 3 - (1 + -2 + (2 - -3)).
-1
Evaluate 11 + -8 - (0 - -4) - -1.
0
What is (-3 - (1 - 0)) + 3 + 0?
-1
7 + 1 + (-1 - (1 + 1))
5
0 - (2 + -2) - (-43 - -42)
1
6 - (1 - (0 - (1 - -1)))
3
What is 0 - -2 - (7 - 5 - -6)?
-6
What is the value of (-112 - -115) + (-6 - -1)?
-2
Calculate -2 + 6 + -3 + 0 + 0.
1
What is (13 + -7 - 12) + 6?
0
What is 4 + -2 + 0 + (7 - 10)?
-1
Calculate -17 + (1 - -7) - -5.
-4
Calculate 2 - (1 + (-4 - -3)) - -2.
4
What is 1 + (-2 - ((-1 - 1) + -5))?
6
What is 8 - (4 + -1) - (14 - 12)?
3
Evaluate 2 + (-1 - -4) + -5.
0
What is the value of 1 - (4 - (-2 + 1)) - 1?
-5
Calculate (-5 - -1 - (-35 - -26)) + -1.
4
Evaluate 3 - (-6 + (6 - (5 - 3))).
5
-3 + 1 + 0 + -5 + 4
-3
What is the value of -18 + (-2 - -7) - -17?
4
Evaluate 10 - (-4 + 10) - 8.
-4
Evaluate (6 - (-6 + 12)) + (-6 - -2).
-4
What is the value of -1 + 2 + (-20 - -20)?
1
Evaluate -8 + 0 + 1 - -4.
-3
Calculate 3 + (-2 - (4 + -7)) + -7.
-3
Calculate (2 - -2) + 12 + (-15 - -3).
4
Evaluate (-7 + 3 - (-1 + -3)) + 4.
4
8 - 1 - (6 + 1)
0
9 + (-1 - (3 - -2))
3
Evaluate (-1 - 0) + 1 - 2.
-2
Calculate -2 + 2 + (-13 - -12).
-1
Calculate 6 + (0 - (-6 + -1)) + -22.
-9
Calculate (-24 - -28) + (-2 - (-1 - 1)).
4
What is the value of -175 + 179 + (-6 - (0 - -1))?
-3
Calculate 4 + -1 + (-53 - -47).
-3
What is the value of (0 + -3 - -5) + (-21 - -28)?
9
Calculate -6 - (-2 - (0 - 1)).
-5
Evaluate 1 - 3 - (-7 - -8) - 3.
-6
(-2 + 7 - 2) + 1 - 1
3
What is the value of 45 - 44 - (-1 - -5)?
-3
What is the value of -11 - (10 + (-26 - -15))?
-10
(1 - 8) + 5 + -5
-7
What is the value of -1 + (-3 - (-4 + 5))?
-5
-23 + 36 - (5 + 2)
6
Calculate -3 + (-2 - -9) - 6.
-2
Evaluate 14 - ((-18 - -7) + 19).
6
Calculate 0 + -8 + 8 + 2 + -4.
-2
What is the value of 4 - 8 - (2 - -6) - -7?
-5
Calculate (-4 - (1 - 10)) + -4.
1
What is the value of -4 - -2 - ((0 - -6) + -7)?
-1
What is 6 + -2 + 2 + -4?
2
Evaluate (-18 - -10) + -2 + 15.
5
Calculate -4 - (1 + 2 + (-11 - -3)).
1
What is 2 - (-1 - (9 - 9))?
3
27 + -22 - (0 + 6)
-1
18 + -25 + 4 + 11
8
Calculate -5 + 1 + 4 - (3 + 2).
-5
What is the value of -3 + 4 - (2 + -9) - 1?
7
Evaluate -3 - (1 - (0 - (5 + -5))).
-4
What is the value of -7 + 4 + -2 + 6 - 5?
-4
70 + -60 + -1 + -15
-6
-2 - (1 + (2 - 4))
-1
What is -4 - (-2 + (-5 - -7)) - -1?
-3
Evaluate (3 - 3) + 5 - 5.
0
What is -5 - ((0 + -4 - -3) + -2)?
-2
What is -6 + (-5 - -12 - 6) - -1?
-4
What is the value of -7 - (-5 + (0 - -3))?
-5
Evaluate 3 - 0 - -3 - 4.
2
What is 30 + -15 - (-3 - -11)?
7
Calculate (-5 - -1) + 4 + -10 + 5.
-5
Evaluate 4 + -6 - (4 - (-2 - -3)).
-5
What is the value of (0 - (-3 - -3)) + -5 - -3?
-2
11 + (-12 - (-13 + 7))
5
What is the value of 5 - (9 - (7 + -4))?
-1
Evaluate -3 + (4 - (-3 + 0) - 3).
1
What is the value of 4 + (-6 - (1 - -3) - -5)?
-1
What is 0 + 0 + 4 - (-18 - -16)?
6
Evaluate -8 + (2 - 0 - -2).
-4
Evaluate (-5 - (-9 - -7)) + 7.
4
What is -1 - ((7 - -6 - 6) + -13)?
5
Evaluate -13 + 6 + (-2 - -9).
0
Evaluate (-15 - -11) + 0 + -2 + 3.
-3
What is -5 - (4 + -4 + (1 - 1))?
-5
Evaluate 10 + -11 + (-1 - -2).
0
What is -1 + -7 - (46 + -48) - -6?
0
What is -2 + -2 + 2 + 2 + 5?
5
Calculate (4 - (4 - 0)) + (-1 - -2).
1
23 - 8 - (8 + -1)
8
-12 - (1 - -3 - 8)
-8
(0 - 4) + -3 + (2 - 0)
-5
What is 1 - 0 - (-7 + 3)?
5
Evaluate 2 - 2 - (7 - (2 - -4)).
-1
(6 - (-8 - -11)) + 2
5
What is -3 + 1 - (3 - 9 - -2)?
2
Evaluate 3 + -3 + 2 + 0.
2
What is 0 + 7 + 0 + (-6 - 5)?
-4
What is the value of -3 - -2 - (8 + -7)?
-2
Calculate (2 - -1) + -1 + -3.
-1
Evaluate -6 - (-7 + (13 - 19)).
7
What is the value of (6 - (-2 - -4)) + -5?
-1
Calculate (-2 - 2) + (6 - 2 - 5).
-5
What is -3 + 6 + -4 + 0?
-1
Evaluate 4 + -3 - (1 + -3 - 0).
3
What is the value of 9 - (8 + 0) - (-3 - 4)?
8
Evaluate 0 + (0 - -1) - (14 - 14).
1
Evaluate -8 + (-12 - -5) + 10.
-5
What is the value of (-4 - (2 + -2)) + 1?
-3
What is the value of -29 + 19 + (3 - (3 + -1))?
-9
(-3 + 1 - 4) + 12
6
Evaluate -4 - (-3 + -1 + 2 + -2).
0
5 - 1 - (15 + 1 - 18)
6
What is 9 + (1 - -4 - 9)?
5
Evaluate -1 + -4 + 3 + 1 + -2.
-3
Evaluate (10 - ((-3 - -5) + 0)) + -3.
5
Calculate -5 + 3 + 1 + 5.
4
What is 2 + -2 + 9 + -7?
2
6 + -5 - 3 - -8
6
-7 + 5 + 2 + -4
-4
What is the value of -4 + (-1 + 8 - (-4 - -2))?
5
Calculate 3 + (3 - 10 - -9).
5
(3 + 0 + -4 - -6) + 0
5
What is the value of (2 - 1) + -19 + 14?
-4
-4 + (-2 - (-3 + -2))
-1
Evaluate -1 + -3 + -1 - -5.
0
(0 + -2 - -5) + 0
3
-13 + (5 - -10) + -7
-5
Calculate (16 + -22 - (2 - 5)) + 6.
3
What is the value of (25 - 23) + 1 + (0 - 1)?
2
What is the value of (11 - 13 - (-2 - 3)) + -4?
-1
What is the value of 8 - ((7 - 3) + 1) - 8?
-5
Calculate (2 + -8 - -10) + -6.
-2
Evaluate -2 + 4 + 0 + 5 + -12.
-5
Evaluate -6 - (-4 + (-4 - -3)).
-1
What is 0 + (-4 - -9) + (-3 - -3)?
5
7 + 3 + -11 + -5 + -1
-7
2 - (2 + -2 - 2)
4
Calculate -1 - (5 + 6 + -9) - -6.
3
Calculate 2 - -2 - (-3 + 5).
2
(-11 - -3) + (1 - -8)
1
1 + 1 + 6 + -5 - 0
3
What is the value of 1 + (-2 - (1 - 2))?
0
Evaluate 2 + 5 - -3 - 17.
-7
Calculate -9 - -11 - 4 - (1 - 2).
-1
4 - 2 - -1 - -2
5
Evaluate -3 + (12 - 5) - 0.
4
Calculate -41 - -45 - (2 + 2 + -5).
5
6 + (-8 - (0 - 7))
5
3 + -8 + 1 + 7
3
What is (6 - (13 - 1)) + 3?
-3
Evaluate (4 - 6 - -2) + -4.
-4
(-7 - -2) + (1 - 0)
-4
What is the value of -2 + 9 + -5 + 0?
2
Evaluate -2 + -1 + 1 + 2 + -1.
-1
What is the value of ((0 - 0) + 4 - 4) + -4?
-4
What is the value of 13 - (-7 - -21) - 7?
-8
Calculate 1 + -1 + (1 - 1) + 3.
3
Calculate -4 + 5 - (-3 + 5).
-1
Evaluate 4 + -6 + (4 - 1).
1
What is the value of 4 - (5 - (-3 + 7))?
3
Evaluate 14 + 1 + -265 + 256.
6
6 + -8 + (6 - 2)
2
What is the value of (-14 - (-30 - -27)) + 0 + 1?
-10
What is -2 + -4 + 0 + 3 + 0?
-3
Evaluate -1 + -1 + -5 + 2.
-5
What is 1 - (-5 - (-1 + -6))?
-1
What is 3 - ((-1 - 0) + (41 - 40))?
3
(1 + -3 - 1) + (7 - -1)
5
Evaluate -10 + 31 + -24 + (-2 - -1).
-4
101 + -96 - (12 + 1)
-8
What is 3 + 3 + 0 + -2?
4
Evaluate 2 + -7 - (-3 + (-1 - 6)).
5
What is (2 - (-5 - -3)) + -4 + 3?
3
Calculate 5 - (0 - (7 + -6)).
6
What is -5 + 1 + -4 - (0 - 3)?
-5
What is -2 - (10 + -6 - (-1 - -4))?
-3
Calculate -1 + -1 + (3 + -3 - -5).
3
-13 + 19 + -1 + -1
4
What is 5 - (10 + 13 + -9)?
-9
What is 5 + 2 + (-10 - -4)?
1
(7 - 4 - -5) + -2
6
13 + (7 - 5 - 17)
-2
Evaluate 3 + -2 + 4 + -5 + 3.
3
What is the value of (-14 - (8 + -21)) + (1 - -3)?
3
Evaluate 7 + 2 + -4 - 2 - 1.
2
Evaluate (3 - (13 - 4)) + 10.
4
What is the value of -6 + (-6 - (0 + -9))?
-3
7 + -5 - ((1 - 0) + 1)
0
4 - (4 - 3) - (0 + 0)
3
What is (-1 - -7) + -9 + 5?
2
Calculate (-1 - (-3 + -2)) + (-16 - -13).
1
What is the value of -3 - (13 + -8) - -9?
1
Evaluate -14 + 5 + (-3 - -7).
-5
Evaluate (4 - -1) + -1 + -3.
1
What is the value of -2 + 5 - (38 - 28)?
-7
Calculate (-1 - -1) + (-1 - 0).
-1
What is the value of -37 - -32 - (-1 + (-5 - 1))?
2
Evaluate -7 + 14 - 7 - -6.
6
Calculate -5 + (0 - 4) - -5.
-4
Evaluate 5 + -6 + 12 + -6.
5
-5 - (-8 - (1 - -1))
5
What is the value of 1 - (5 + 3) - -5 - -3?
1
-7 + (-3 - -11) + 0
1
What is -1 + (-4 - -7) - 2 - 1?
-1
3 - -3 - 5 - (-6 - -2)
5
Calculate -4 - ((-1 + 1 - 3) + 3).
-4
Evaluate (-39 - -35 - (-3 + 0)) + -4.
-5
What is the value of (6 + -5 - -3) + -4?
0
12 - 15 - (3 - 11)
5
Evaluate 2 + 3 - (2 + -2).
5
What is -3 - 2 - (12 + -16) - -6?
5
Calculate (13 - 3) + -8 + 13 + -10.
5
3 - 0 - (9 + -4)
-2
Evaluate 5 + -3 - (3 - 1 - 